at is the tens digit of 310952?
5
What is the thousands digit of 8762092?
2
What is the tens digit of 144889?
8
What is the units digit of 1922555?
5
What is the tens digit of 1495012?
1
What is the ten thousands digit of 114088?
1
What is the units digit of 2234115?
5
What is the units digit of 506795?
5
What is the hundreds digit of 869916?
9
What is the hundred thousands digit of 5050668?
0
What is the hundred thousands digit of 1232922?
2
What is the tens digit of 37383804?
0
What is the millions digit of 3505860?
3
What is the thousands digit of 32620?
2
What is the ten thousands digit of 17091407?
9
What is the units digit of 71729?
9
What is the units digit of 3360391?
1
What is the millions digit of 10012158?
0
What is the ten thousands digit of 355181?
5
What is the ten millions digit of 24678252?
2
What is the millions digit of 4027491?
4
What is the hundred thousands digit of 6346169?
3
What is the tens digit of 185457?
5
What is the hundreds digit of 82916?
9
What is the hundreds digit of 379677?
6
What is the units digit of 331688?
8
What is the hundred thousands digit of 127721?
1
What is the ten thousands digit of 600800?
0
What is the tens digit of 99716?
1
What is the hundred thousands digit of 2275967?
2
What is the units digit of 1862016?
6
What is the units digit of 732062?
2
What is the units digit of 3896247?
7
What is the ten thousands digit of 10010467?
1
What is the tens digit of 107629?
2
What is the ten thousands digit of 1614499?
1
What is the ten thousands digit of 240096?
4
What is the thousands digit of 73517?
3
What is the tens digit of 326767?
6
What is the hundred thousands digit of 1413335?
4
What is the hundreds digit of 63547?
5
What is the hundreds digit of 74094?
0
What is the millions digit of 17500533?
7
What is the tens digit of 6271990?
9
What is the ten thousands digit of 197902?
9
What is the thousands digit of 1130159?
0
What is the ten thousands digit of 388142?
8
What is the tens digit of 57504?
0
What is the units digit of 7056273?
3
What is the tens digit of 3296157?
5
What is the hundred thousands digit of 14405114?
4
What is the thousands digit of 15204189?
4
What is the hundreds digit of 576510?
5
What is the units digit of 456454?
4
What is the units digit of 1148490?
0
What is the thousands digit of 80329?
0
What is the thousands digit of 91754?
1
What is the hundreds digit of 194314?
3
What is the hundred thousands digit of 14127514?
1
What is the millions digit of 7387958?
7
What is the hundred thousands digit of 2699306?
6
What is the tens digit of 1132660?
6
What is the ten thousands digit of 1758696?
5
What is the thousands digit of 88118?
8
What is the hundred thousands digit of 33213876?
2
What is the tens digit of 97225?
2
What is the hundred thousands digit of 1136283?
1
What is the ten thousands digit of 15983?
1
What is the hundred thousands digit of 6974264?
9
What is the tens digit of 335500?
0
What is the units digit of 10282481?
1
What is the hundreds digit of 2055849?
8
What is the ten thousands digit of 396896?
9
What is the thousands digit of 3375070?
5
What is the thousands digit of 131134?
1
What is the units digit of 273166?
6
What is the ten thousands digit of 41491?
4
What is the units digit of 1571308?
8
What is the millions digit of 5292657?
5
What is the units digit of 207845?
5
What is the thousands digit of 64967?
4
What is the hundred thousands digit of 7092191?
0
What is the thousands digit of 2565725?
5
What is the hundreds digit of 304161?
1
What is the thousands digit of 1190343?
0
What is the tens digit of 106465?
6
What is the millions digit of 1687964?
1
What is the hundreds digit of 2271733?
7
What is the tens digit of 5262244?
4
What is the tens digit of 225198?
9
What is the hundred thousands digit of 36101484?
1
What is the hundreds digit of 15920505?
5
What is the hundred thousands digit of 1507506?
5
What is the units digit of 221494?
4
What is the thousands digit of 253323?
3
What is the hundreds digit of 30429086?
0
What is the millions digit of 1478539?
1
What is the tens digit of 404277?
7
What is the units digit of 22368124?
4
What is the ten thousands digit of 350951?
5
What is the hundreds digit of 1947978?
9
What is the hundred thousands digit of 1908118?
9
What is the ten thousands digit of 25869?
2
What is the thousands digit of 7303550?
3
What is the ten millions digit of 16591434?
1
What is the ten thousands digit of 1158643?
5
What is the millions digit of 1091934?
1
What is the hundreds digit of 796929?
9
What is the thousands digit of 346117?
6
What is the ten thousands digit of 239214?
3
What is the hundreds digit of 166535?
5
What is the hundred thousands digit of 108443?
1
What is the ten thousands digit of 162494?
6
What is the ten thousands digit of 213429?
1
What is the hundred thousands digit of 1726046?
7
What is the units digit of 4301991?
1
What is the ten thousands digit of 133832?
3
What is the tens digit of 45601?
0
What is the millions digit of 1043904?
1
What is the thousands digit of 1402590?
2
What is the hundred thousands digit of 157120?
1
What is the tens digit of 1698618?
1
What is the units digit of 417322?
2
What is the hundreds digit of 19139412?
4
What is the thousands digit of 53891?
3
What is the units digit of 4897841?
1
What is the ten thousands digit of 14849203?
4
What is the tens digit of 2051571?
7
What is the tens digit of 437094?
9
What is the millions digit of 5120211?
5
What is the ten thousands digit of 809496?
0
What is the hundreds digit of 18364811?
8
What is the thousands digit of 462886?
2
What is the hundred thousands digit of 3198824?
1
What is the tens digit of 232508?
0
What is the ten thousands digit of 3365806?
6
What is the hundred thousands digit of 1675648?
6
What is the ten thousands digit of 921655?
2
What is the tens digit of 74133?
3
What is the hundred thousands digit of 2606914?
6
What is the hundreds digit of 230977?
9
What is the hundreds digit of 495851?
8
What is the tens digit of 269020?
2
What is the hundred thousands digit of 3729912?
7
What is the tens digit of 10095555?
5
What is the tens digit of 282304?
0
What is the thousands digit of 509464?
9
What is the units digit of 666753?
3
What is the hundreds digit of 179871?
8
What is the tens digit of 7708201?
0
What is the units digit of 365288?
8
What is the tens digit of 28206977?
7
What is the tens digit of 161129?
2
What is the hundreds digit of 27295203?
2
What is the hundred thousands digit of 3224650?
2
What is the units digit of 4592131?
1
What is the hundred thousands digit of 1773569?
7
What is the ten thousands digit of 2304185?
0
What is the hundred thousands digit of 503582?
5
What is the units digit of 424082?
2
What is the thousands digit of 3496159?
6
What is the units digit of 1229708?
8
What is the units digit of 132185?
5
What is the tens digit of 698816?
1
What is the units digit of 6813482?
2
What is the ten thousands digit of 25402751?
0
What is the hundred thousands digit of 30583810?
5
What is the tens digit of 636535?
3
What is the hundred thousands digit of 24365366?
3
What is the thousands digit of 1510345?
0
What is the ten thousands digit of 1121466?
2
What is the millions digit of 15896157?
5
What is the tens digit of 3253435?
3
What is the ten thousands digit of 465277?
6
What is the hundred thousands digit of 2847501?
8
What is the units digit of 4860442?
2
What is the tens digit of 988050?
5
What is the hundred thousands digit of 186606?
1
What is the thousands digit of 18877482?
7
What is the tens digit of 14639386?
8
What is the hundred thousands digit of 181387?
1
What is the millions digit of 29010699?
9
What is the thousands digit of 11820368?
0
What is the hundreds digit of 2165194?
1
What is the hundred thousands digit of 289506?
2
What is the units digit of 375915?
5
What is the units digit of 2506492?
2
What is the units digit of 208208?
8
What is the thousands digit of 313403?
3
What is the hundreds digit of 1608443?
4
What is the units digit of 122953?
3
What is the units digit of 562065?
5
What is the units digit of 590270?
0
What is the hundred thousands digit of 270098?
2
What is the ten thousands digit of 421054?
2
What is the hundreds digit of 683925?
9
What is the u